{"id":12,"date":"2016-04-05T22:52:59","date_gmt":"2016-04-05T20:52:59","guid":{"rendered":"http:\/\/eegbiofeedback.edu.pl\/?page_id=12"},"modified":"2016-04-10T00:00:46","modified_gmt":"2016-04-09T22:00:46","slug":"rodzaje-treningow","status":"publish","type":"page","link":"http:\/\/mkprezes.lh.pl\/EEGBIOFEEDBACK\/eeg-biofeedback\/rodzaje-treningow\/","title":{"rendered":"Rodzaje trening\u00f3w"},"content":{"rendered":"<p style=\"text-align: justify;\">Nasza Pracownia prowadzi treningi w nast\u0119puj\u0105cym zakresie:<\/p>\n<h5><i class=\"omsc-icon fa fa-check-square-o\" style=\"\"><\/i> EEG Biofeedback, <i class=\"omsc-icon fa fa-check-square-o\" style=\"\"><\/i> Neurofeedback<\/h5>\n<p style=\"text-align: justify;\">(EEG \u2013 <i>Elektroencefalografia<\/i>) \u2013 wykorzystuje w\u0142a\u015bciwo\u015bci, \u017ce m\u00f3zg ludzki w&nbsp;ramach swojej aktywno\u015bci wytwarza r\u00f3\u017cne zakresy fal elektromagnetycznych, charakterystycznych dla r\u00f3\u017cnych rodzaj\u00f3w tej aktywno\u015bci. Elektrody pod\u0142\u0105czone w r\u00f3\u017cnych miejscach na sk\u00f3rze g\u0142owy i&nbsp;uszach zbieraj\u0105 dane o&nbsp;wyst\u0119powaniu poszczeg\u00f3lnych zakres\u00f3w fal elektromagnetycznych. Trening polega na zmniejszaniu fal niepo\u017c\u0105danych oraz zwi\u0119kszaniu tych poprawiaj\u0105cych aktywno\u015b\u0107 m\u00f3zgu.<\/p>\n<h5><i class=\"omsc-icon fa fa-check-square-o\" style=\"\"><\/i> EMG Biofeedback<\/h5>\n<p style=\"text-align: justify;\">(EMG \u2013 <i>Elektromiografia<\/i>) \u2013 polega na wychwytywaniu elektrycznych sygna\u0142\u00f3w w mi\u0119\u015bniach, najcz\u0119\u015bciej w mi\u0119\u015bniach ramienia, karku czy twarzy, a nast\u0119pnie dzi\u0119ki przetworzeniu tych sygna\u0142\u00f3w pozwala zrozumie\u0107 zasad\u0119 kiedy i w jaki spos\u00f3b stres wp\u0142ywa na mi\u0119\u015bnie i w ten spos\u00f3b nad nimi zapanowa\u0107.<\/p>\n<h5><i class=\"omsc-icon fa fa-check-square-o\" style=\"\"><\/i> Biofeedback oddechowy<\/h5>\n<p style=\"text-align: justify;\">\u2013 polega na analizie rytmu i d\u0142ugo\u015bci wydech\u00f3w. Wyniki pokazywane s\u0105 za pomoc\u0105 np. dynamicznych wykres\u00f3w. Odpowiednie \u0107wiczenia umo\u017cliwiaj\u0105 zapanowanie nad oddechem i wykorzystanie tej umiej\u0119tno\u015bci np. w sytuacjach stresowych.<\/p>\n<h5><i class=\"omsc-icon fa fa-check-square-o\" style=\"\"><\/i> Biofeedback temperaturowy<\/h5>\n<p style=\"text-align: justify;\">\u2013 temperatura sk\u00f3ry zale\u017cy od wielu czynnik\u00f3w \u2013 opr\u00f3cz czynnik\u00f3w zewn\u0119trznych, r\u00f3wnie\u017c od stanu psychicznego cz\u0142owieka. Temperatura jest mierzona w tysi\u0119cznych cz\u0119\u015bciach stopnia na opuszkach palc\u00f3w. Celem treningu jest osi\u0105gni\u0119cie wy\u017cszej temperatury ni\u017c aktualna u danego pacjenta. \u0106wiczenia te s\u0105 stosowane do treningu relaksu, ale tak\u017ce w medycynie do leczenia niedokrwienia ko\u0144czyn czy chorobie reumatycznej.<\/p>\n<h5><i class=\"omsc-icon fa fa-check-square-o\" style=\"\"><\/i> GSR Biofeedback, <i class=\"omsc-icon fa fa-check-square-o\" style=\"\"><\/i> EDR Biofeedback<\/h5>\n<p style=\"text-align: justify;\">(GSR \u2013 <i>Galvanic Skin Response<\/i>, EDR \u2013 <i>Electro Dermal Response<\/i>) \u2013 reakcja sk\u00f3rno-galwaniczna mierzy elektryczne przewodzenie sk\u00f3ry, kt\u00f3re zmienia si\u0119 w zale\u017cno\u015bci od og\u00f3lnego pobudzenia wsp\u00f3\u0142czulnego uk\u0142adu nerwowego. Elektrody montuje si\u0119 na opuszkach palc\u00f3w, a trening wykrywa zale\u017cno\u015bci mi\u0119dzy stanem somatycznym i psychicznym cz\u0142owieka.<\/p>\n<h5><i class=\"omsc-icon fa fa-check-square-o\" style=\"\"><\/i> RSA Biofeedback<\/h5>\n<p style=\"text-align: justify;\">(RSA \u2013 <i>Respiratory Sinus Arrhythmia<\/i>) \u2013 stosuje si\u0119 jako metod\u0119 podstawow\u0105 w terapii EEG Biofeedback. Pozwala oceni\u0107, a tak\u017ce skutecznie skorygowa\u0107 stan zaburzonych funkcji wegetatywnych. RSA Biofeedback jest metod\u0105 kompleksow\u0105, \u0142\u0105czy w sobie m.in. elementy analizy elektrycznej aktywno\u015bci serca (<b style=\"font-family: 'PT Sans Narrow',sans-serif; font-size: 18px; text-transform: uppercase;\"><i class=\"omsc-icon fa fa-check-square-o\" style=\"\"><\/i> BVP Biofeedback<\/b>; BVP \u2013 <em>Blood Volume Pulse<\/em>, <b style=\"font-family: 'PT Sans Narrow',sans-serif; font-size: 18px; text-transform: uppercase;\"><i class=\"omsc-icon fa fa-check-square-o\" style=\"\"><\/i> HRV Biofeedback<\/b>, HRV \u2013 <em>Heart Rate Variability<\/em><strong><\/strong>) i oddechu. Odpowiednio przeprowadzony trening pozwala na zwi\u0119kszenie kreatywno\u015bci, polepszenie koncentracji uwagi, pami\u0119ci, zwi\u0119kszenia odporno\u015bci na stres, zahamowania l\u0119k\u00f3w, zwi\u0119kszenia pewno\u015bci siebie, zmniejszenia agresji, w profilaktyce chor\u00f3b uk\u0142adu oddechowego, w profilaktyce chor\u00f3b sercowo-naczyniowych, zaburzeniach psychosomatycznych, migrenach oraz astmie.<\/p>\n<p style=\"text-align: justify;\">Zobacz wi\u0119cej: <strong><a style=\"font-family: 'PT Sans Narrow',sans-serif; font-size: 18px; text-transform: uppercase;\" title=\"Biofeedback\" href=\"http:\/\/eegbiofeedback.edu.pl\/eeg-biofeedback\/\"><i class=\"omsc-icon fa fa-external-link\" style=\"\"><\/i> Biofeedback<\/a><\/strong><\/p>\n<p style=\"text-align: justify;\">Ponadto mo\u017cemy jeszcze spotka\u0107 jeszcze dwa rodzaje Biofeedbacku: <b style=\"font-family: 'PT Sans Narrow',sans-serif; font-size: 18px; text-transform: uppercase;\"><i class=\"omsc-icon fa fa-square-o\" style=\"\"><\/i> HEG Biofeedback<\/b> i <b style=\"font-family: 'PT Sans Narrow',sans-serif; font-size: 18px; text-transform: uppercase;\"><i class=\"omsc-icon fa fa-square-o\" style=\"\"><\/i> SCP Biofeedback<\/b>. W tym momencie nasza Pracownia nie prowadzi trening\u00f3w w tym zakresie.<\/p>\n<h5><i class=\"omsc-icon fa fa-square-o\" style=\"\"><\/i> HEG Biofeedback<\/h5>\n<p style=\"text-align: justify;\">(HEG \u2013 <i>Hemoencephalography<\/i>) \u2013 mierzy temperatur\u0119 g\u0142owy za pomoc\u0105 termometru na podczerwie\u0144 umieszczonego na g\u0142owie lub wykorzystuje zmiany spektrum podczerwieni generowanej przez przep\u0142ywaj\u0105ca krew. Stymuluje m\u00f3zg do intensywnej pracy. Trening za pomoc\u0105 tej metody mo\u017ce by\u0107 w niekt\u00f3rych przypadkach bardziej efektywny ni\u017c EEG Biofeedback.<\/p>\n<h5><i class=\"omsc-icon fa fa-square-o\" style=\"\"><\/i> SCP Biofeedback<\/h5>\n<p style=\"text-align: justify;\">(SCP \u2013 <i>Slow Cortical Potential<\/i>) \u2013 analizuje zmiany polaryzacji kory m\u00f3zgowej, rejestrowane na powierzchni czaszki jako wolne potencja\u0142y korowe. Negatywna polaryzacja oznacza wi\u0119ksz\u0105 aktywno\u015b\u0107 pracy neuron\u00f3w w rejestrowanym obszarze m\u00f3zgu.<\/p>\n<p><\/span><\/p>\n<p style=\"text-align: justify;\">Zobacz wi\u0119cej: <strong><a style=\"font-family: 'PT Sans Narrow',sans-serif; font-size: 18px; text-transform: uppercase;\" title=\"Materia\u0142y multimedialne\" href=\"http:\/\/eegbiofeedback.edu.pl\/eeg-biofeedback\/materialy-multimedialne\/\"><span style=\"line-height: 1.5em;\"><i class=\"omsc-icon fa fa-external-link\" style=\"\"><\/i> Materia\u0142y multimedialne<\/span><\/a><\/strong><\/p>\n","protected":false},"excerpt":{"rendered":"<p>Nasza Pracownia prowadzi treningi w nast\u0119puj\u0105cym zakresie: EEG Biofeedback, Neurofeedback (EEG \u2013 Elektroencefalografia) \u2013 wykorzystuje w\u0142a\u015bciwo\u015bci, \u017ce m\u00f3zg ludzki w&nbsp;ramach swojej aktywno\u015bci wytwarza r\u00f3\u017cne zakresy fal elektromagnetycznych, charakterystycznych dla r\u00f3\u017cnych rodzaj\u00f3w tej aktywno\u015bci. Elektrody pod\u0142\u0105czone w r\u00f3\u017cnych miejscach na sk\u00f3rze g\u0142owy i&nbsp;uszach zbieraj\u0105 dane o&nbsp;wyst\u0119powaniu poszczeg\u00f3lnych zakres\u00f3w fal elektromagnetycznych. Trening polega na zmniejszaniu fal niepo\u017c\u0105danych [&hellip;]<\/p>\n","protected":false},"author":1,"featured_media":0,"parent":9,"menu_order":0,"comment_status":"closed","ping_status":"closed","template":"template-nosidebar.php","meta":{"footnotes":""},"class_list":["post-12","page","type-page","status-publish","hentry"],"aioseo_notices":[],"_links":{"self":[{"href":"http:\/\/mkprezes.lh.pl\/EEGBIOFEEDBACK\/wp-json\/wp\/v2\/pages\/12","targetHints":{"allow":["GET"]}}],"collection":[{"href":"http:\/\/mkprezes.lh.pl\/EEGBIOFEEDBACK\/wp-json\/wp\/v2\/pages"}],"about":[{"href":"http:\/\/mkprezes.lh.pl\/EEGBIOFEEDBACK\/wp-json\/wp\/v2\/types\/page"}],"author":[{"embeddable":true,"href":"http:\/\/mkprezes.lh.pl\/EEGBIOFEEDBACK\/wp-json\/wp\/v2\/users\/1"}],"replies":[{"embeddable":true,"href":"http:\/\/mkprezes.lh.pl\/EEGBIOFEEDBACK\/wp-json\/wp\/v2\/comments?post=12"}],"version-history":[{"count":18,"href":"http:\/\/mkprezes.lh.pl\/EEGBIOFEEDBACK\/wp-json\/wp\/v2\/pages\/12\/revisions"}],"predecessor-version":[{"id":215,"href":"http:\/\/mkprezes.lh.pl\/EEGBIOFEEDBACK\/wp-json\/wp\/v2\/pages\/12\/revisions\/215"}],"up":[{"embeddable":true,"href":"http:\/\/mkprezes.lh.pl\/EEGBIOFEEDBACK\/wp-json\/wp\/v2\/pages\/9"}],"wp:attachment":[{"href":"http:\/\/mkprezes.lh.pl\/EEGBIOFEEDBACK\/wp-json\/wp\/v2\/media?parent=12"}],"curies":[{"name":"wp","href":"https:\/\/api.w.org\/{rel}","templated":true}]}}