{"id":11,"date":"2016-04-05T22:56:06","date_gmt":"2016-04-05T20:56:06","guid":{"rendered":"http:\/\/eegbiofeedback.edu.pl\/?page_id=11"},"modified":"2017-08-31T17:55:31","modified_gmt":"2017-08-31T15:55:31","slug":"kontakt-i-zapisy","status":"publish","type":"page","link":"http:\/\/mkprezes.lh.pl\/EEGBIOFEEDBACK\/kontakt-i-zapisy\/","title":{"rendered":"Kontakt i Zapisy"},"content":{"rendered":"<p style=\"text-align: justify;\">Pracownia EEG Biofeedback znajduje si\u0119 w Warszawie przy ul. Zgrupowania AK &#8222;\u017bmija&#8221; 25, kl. III, lok. 26. (niedaleko skrzy\u017cowania ulic: Jana Kochanowskiego, Josepha Conrada i alei W\u0142adys\u0142awa Reymonta).<\/p>\n<h5>Zapisy<\/h5>\n<p style=\"text-align: justify;\"><strong>Zapraszamy do wyboru najlepszej dla Pa\u0144stwa oferty i wype\u0142nienia ankiety zg\u0142oszeniowej<\/strong>. Przypominamy, \u017ce oferty promocyjne obowi\u0105zuj\u0105 czasowo. O mo\u017cliwo\u015bci skorzystania z promocji decyduje data przes\u0142ania zg\u0142oszenia. Szczeg\u00f3\u0142y promocji opisane s\u0105 w Regulaminie.<\/p>\n<p><!--\n\n<p style=\"text-align: center;\"><a title=\"Cennik\" href=\"https:\/\/eegbiofeedback.edu.pl\/kontakt-i-zapisy\/cennik\/\" style=\"font-family: 'PT Sans Narrow', sans-serif; font-size: 18px; text-transform: uppercase;\"><strong>[icon icon=\"edit\"] Wyb\u00f3r oferty i ankieta zg\u0142oszeniowa<\/strong><\/a><\/p>\n\n--><br \/>\n<div class=\"omsc-box omsc-with-bg-color\" style=\"background-color:#e8e8e8;text-align:center\"><div class=\"omsc-box-inner\"><!--\n\n<p style=\"text-align: center;\"><span style=\"font-family: 'PT Sans Narrow', sans-serif; font-size: 24px; \">Do naszej Pracowni zapraszamy <strong>po wcze\u015bniejszym um\u00f3wieniu wizyty<\/strong>.<br \/>Zapraszamy <b>do kontaktu korespondencyjnego<\/b><br \/>(ankieta zg\u0142oszeniowa, formularz kontaktowy, poczta e-mail).<br \/>--><b>Od dnia 20 lipca 2017 roku<br \/>ZAPISY ZOSTA\u0141Y WSTRZYMANE DO ODWO\u0141ANIA.<\/b><!--tylko w \u015brody<\/b> w godz. 12.00-14.00<br \/><b>w czasie trwania roku szkolnego<\/b>.--><\/p>\n<\/div><\/div>\n<p style=\"text-align: center; font-family: 'PT Sans Narrow', sans-serif; font-size: 18px; \">\n<div class=\"omsc-toggle\"><div class=\"omsc-toggle-title\">Formularz kontaktowy<\/div><div class=\"omsc-toggle-inner\">\n\n<div class=\"wpcf7 no-js\" id=\"wpcf7-f245-o1\" lang=\"pl-PL\" dir=\"ltr\" data-wpcf7-id=\"245\">\n<div class=\"screen-reader-response\"><p role=\"status\" aria-live=\"polite\" aria-atomic=\"true\"><\/p> <ul><\/ul><\/div>\n<form action=\"\/EEGBIOFEEDBACK\/wp-json\/wp\/v2\/pages\/11#wpcf7-f245-o1\" method=\"post\" class=\"wpcf7-form init\" aria-label=\"Formularz kontaktowy\" novalidate=\"novalidate\" data-status=\"init\">\n<fieldset class=\"hidden-fields-container\"><input type=\"hidden\" name=\"_wpcf7\" value=\"245\" \/><input type=\"hidden\" name=\"_wpcf7_version\" value=\"6.1.5\" \/><input type=\"hidden\" name=\"_wpcf7_locale\" value=\"pl_PL\" \/><input type=\"hidden\" name=\"_wpcf7_unit_tag\" value=\"wpcf7-f245-o1\" \/><input type=\"hidden\" name=\"_wpcf7_container_post\" value=\"0\" \/><input type=\"hidden\" name=\"_wpcf7_posted_data_hash\" value=\"\" \/>\n<\/fieldset>\n<p style=\"text-align: left;\">Imi\u0119 i nazwisko (wymagane):\n<\/p>\n<p><span class=\"wpcf7-form-control-wrap\" data-name=\"your-name\"><input size=\"40\" maxlength=\"400\" class=\"wpcf7-form-control wpcf7-text wpcf7-validates-as-required\" aria-required=\"true\" aria-invalid=\"false\" value=\"\" type=\"text\" name=\"your-name\" \/><\/span>\n<\/p>\n<p style=\"text-align: left;\">Adres email (wymagane):\n<\/p>\n<p><span class=\"wpcf7-form-control-wrap\" data-name=\"your-email\"><input size=\"40\" maxlength=\"400\" class=\"wpcf7-form-control wpcf7-email wpcf7-validates-as-required wpcf7-text wpcf7-validates-as-email\" aria-required=\"true\" aria-invalid=\"false\" value=\"\" type=\"email\" name=\"your-email\" \/><\/span>\n<\/p>\n<p style=\"text-align: left;\">Numer telefonu:\n<\/p>\n<p><span class=\"wpcf7-form-control-wrap\" data-name=\"tel-688\"><input size=\"40\" maxlength=\"400\" class=\"wpcf7-form-control wpcf7-tel wpcf7-text wpcf7-validates-as-tel\" aria-invalid=\"false\" placeholder=\"500 123 456 lub 22 123 45 67\" value=\"\" type=\"tel\" name=\"tel-688\" \/><\/span>\n<\/p>\n<p style=\"text-align: left;\">Temat:\n<\/p>\n<p><span class=\"wpcf7-form-control-wrap\" data-name=\"your-subject\"><input size=\"40\" maxlength=\"400\" class=\"wpcf7-form-control wpcf7-text\" aria-invalid=\"false\" value=\"\" type=\"text\" name=\"your-subject\" \/><\/span>\n<\/p>\n<p style=\"text-align: left;\">Tre\u015b\u0107 wiadomo\u015bci:\n<\/p>\n<p><span class=\"wpcf7-form-control-wrap\" data-name=\"your-message\"><textarea cols=\"40\" rows=\"10\" maxlength=\"2000\" class=\"wpcf7-form-control wpcf7-textarea\" aria-invalid=\"false\" name=\"your-message\"><\/textarea><\/span>\n<\/p>\n<p style=\"text-align: center;\"><input class=\"wpcf7-form-control wpcf7-submit has-spinner\" type=\"submit\" value=\"Wy\u015blij\" \/>\n<\/p><div class=\"wpcf7-response-output\" aria-hidden=\"true\"><\/div>\n<\/form>\n<\/div>\n\n<\/div><\/div>\n<p style=\"text-align: left;\">Zobacz wi\u0119cej: <strong><a title=\"Rozk\u0142ad jazdy komunikacji miejskiej (ZTM)\" href=\"http:\/\/www.ztm.waw.pl\/rozklad_nowy.php?c=183&amp;i=1&amp;a=6047\" target=\"_blank\" style=\"font-family: 'PT Sans Narrow', sans-serif; font-size: 18px; text-transform: uppercase;\"><i class=\"omsc-icon fa fa-external-link\" style=\"\"><\/i> Najbli\u017csze przystanki komunikacji miejskiej (ZTM)<\/a><\/strong><\/p>\n<p style=\"text-align: center;\"><span style=\"font-family: 'PT Sans Narrow', sans-serif; font-size: 24px; \"> <b>PRACOWNIA EEG BIOFEEDBACK<\/b><\/span><br \/>\n<span style=\"font-family: 'PT Sans Narrow', sans-serif; font-size: 18px; \"><b>Fundacja \u2014 Instytut Edukacji Matematycznej \u00bbARS MATHEMATICA\u00ab \u2014 w likwidacji<\/b><br \/>\n01-875 Warszawa \u2666 ul. Zgrupowania AK \u201e\u017bmija\u201d 25\/26<br \/>\n<i class=\"omsc-icon fa fa-phone-square\" style=\"\"><\/i>&nbsp;&nbsp;22&nbsp;639&nbsp;79&nbsp;70&nbsp;&nbsp;&nbsp;<i class=\"omsc-icon fa fa-print\" style=\"\"><\/i>&nbsp;&nbsp;22&nbsp;633&nbsp;93&nbsp;33<br \/>\n<i class=\"omsc-icon fa fa-envelope\" style=\"\"><\/i>&nbsp;&nbsp;<a href=\"mailto:sekretariat@eegbiofeedback.edu.pl\">sekretariat@eegbiofeedback.edu.pl<\/a>&nbsp;&nbsp;&nbsp;<i class=\"omsc-icon fa fa-globe\" style=\"\"><\/i>&nbsp;&nbsp;<a href=\"https:\/\/eegbiofeedback.edu.pl\/\">http:\/\/eegbiofeedback.edu.pl<\/a><br \/>\nNIP 1181752476 \u2666 REGON 015738286 \u2666 KRS 0000207957<br \/>\nVolkswagen Bank Polska SA 08 2130 0004 2001 0298 8368 0001<\/p>\n<p><\/span><\/p>\n","protected":false},"excerpt":{"rendered":"<p>Pracownia EEG Biofeedback znajduje si\u0119 w Warszawie przy ul. Zgrupowania AK &#8222;\u017bmija&#8221; 25, kl. III, lok. 26. (niedaleko skrzy\u017cowania ulic: Jana Kochanowskiego, Josepha Conrada i alei W\u0142adys\u0142awa Reymonta). Zapisy Zapraszamy do wyboru najlepszej dla Pa\u0144stwa oferty i wype\u0142nienia ankiety zg\u0142oszeniowej. Przypominamy, \u017ce oferty promocyjne obowi\u0105zuj\u0105 czasowo. O mo\u017cliwo\u015bci skorzystania z promocji decyduje data przes\u0142ania zg\u0142oszenia. [&hellip;]<\/p>\n","protected":false},"author":1,"featured_media":0,"parent":0,"menu_order":0,"comment_status":"closed","ping_status":"closed","template":"template-nosidebar.php","meta":{"footnotes":""},"class_list":["post-11","page","type-page","status-publish","hentry"],"aioseo_notices":[],"_links":{"self":[{"href":"http:\/\/mkprezes.lh.pl\/EEGBIOFEEDBACK\/wp-json\/wp\/v2\/pages\/11","targetHints":{"allow":["GET"]}}],"collection":[{"href":"http:\/\/mkprezes.lh.pl\/EEGBIOFEEDBACK\/wp-json\/wp\/v2\/pages"}],"about":[{"href":"http:\/\/mkprezes.lh.pl\/EEGBIOFEEDBACK\/wp-json\/wp\/v2\/types\/page"}],"author":[{"embeddable":true,"href":"http:\/\/mkprezes.lh.pl\/EEGBIOFEEDBACK\/wp-json\/wp\/v2\/users\/1"}],"replies":[{"embeddable":true,"href":"http:\/\/mkprezes.lh.pl\/EEGBIOFEEDBACK\/wp-json\/wp\/v2\/comments?post=11"}],"version-history":[{"count":51,"href":"http:\/\/mkprezes.lh.pl\/EEGBIOFEEDBACK\/wp-json\/wp\/v2\/pages\/11\/revisions"}],"predecessor-version":[{"id":445,"href":"http:\/\/mkprezes.lh.pl\/EEGBIOFEEDBACK\/wp-json\/wp\/v2\/pages\/11\/revisions\/445"}],"wp:attachment":[{"href":"http:\/\/mkprezes.lh.pl\/EEGBIOFEEDBACK\/wp-json\/wp\/v2\/media?parent=11"}],"curies":[{"name":"wp","href":"https:\/\/api.w.org\/{rel}","templated":true}]}}